2034676?
2, 7, 1483
What are the prime factors of 330981?
3, 7, 15761
What are the prime factors of 8298061?
109, 76129
What are the prime factors of 63507?
3, 21169
What are the prime factors of 5806?
2, 2903
What are the prime factors of 119440?
2, 5, 1493
List the prime factors of 1381916.
2, 345479
What are the prime factors of 808342?
2, 389, 1039
What are the prime factors of 5483749?
67, 81847
List the prime factors of 835992.
2, 3, 17, 683
What are the prime factors of 35003?
17, 29, 71
What are the prime factors of 2053960?
2, 5, 51349
What are the prime factors of 169588?
2, 42397
List the prime factors of 54453.
3, 7, 2593
List the prime factors of 254228.
2, 13, 4889
What are the prime factors of 1805273?
367, 4919
What are the prime factors of 3123434?
2, 43, 36319
List the prime factors of 191394.
2, 3, 7, 31
What are the prime factors of 1199807?
7, 171401
What are the prime factors of 2281462?
2, 23, 49597
What are the prime factors of 11204544?
2, 3, 13, 67
What are the prime factors of 19513?
13, 19, 79
What are the prime factors of 434080?
2, 5, 2713
List the prime factors of 172076.
2, 43019
List the prime factors of 18750613.
7, 59, 83, 547
What are the prime factors of 1378955?
5, 17, 16223
What are the prime factors of 811731?
3, 270577
What are the prime factors of 227552?
2, 13, 547
What are the prime factors of 17607347?
397, 44351
What are the prime factors of 5532632?
2, 7, 31, 3187
List the prime factors of 5086598.
2, 11, 21019
What are the prime factors of 2023691?
107, 18913
List the prime factors of 6395.
5, 1279
List the prime factors of 13461624.
2, 3, 11, 23, 739
What are the prime factors of 5341749?
3, 7, 254369
What are the prime factors of 1191516?
2, 3, 31, 3203
List the prime factors of 240659.
240659
What are the prime factors of 372873?
3, 124291
List the prime factors of 157071.
3, 41, 1277
What are the prime factors of 1299806?
2, 197, 3299
List the prime factors of 43626537.
3, 131, 37003
What are the prime factors of 139177?
139177
What are the prime factors of 1171220?
2, 5, 157, 373
List the prime factors of 203053.
19, 10687
What are the prime factors of 35888663?
19, 491, 3847
List the prime factors of 1130118.
2, 3, 11, 17123
List the prime factors of 278474.
2, 7, 19891
What are the prime factors of 12595696?
2, 521, 1511
List the prime factors of 273284.
2, 11, 6211
What are the prime factors of 169421?
7, 24203
List the prime factors of 696185.
5, 7, 19891
What are the prime factors of 56826?
2, 3, 7, 11, 41
What are the prime factors of 6864668?
2, 17, 157, 643
List the prime factors of 1908998.
2, 7, 13, 17, 617
List the prime factors of 3721653.
3, 13, 23, 461
What are the prime factors of 644945?
5, 7, 18427
List the prime factors of 4931999.
4931999
List the prime factors of 2443224.
2, 3, 7, 14543
What are the prime factors of 27187?
31, 877
What are the prime factors of 1872546?
2, 3, 13, 24007
List the prime factors of 197711.
197711
What are the prime factors of 3209057?
3209057
List the prime factors of 1357482.
2, 3, 7, 32321
What are the prime factors of 1774394?
2, 29, 30593
What are the prime factors of 527021?
11, 47911
List the prime factors of 1613260.
2, 5, 11, 7333
List the prime factors of 2147228.
2, 19, 1487
List the prime factors of 10656284.
2, 2664071
List the prime factors of 218171.
218171
List the prime factors of 2189843.
2189843
What are the prime factors of 681117?
3, 89, 2551
List the prime factors of 1050986.
2, 525493
What are the prime factors of 2196661?
23, 95507
What are the prime factors of 2863265?
5, 572653
List the prime factors of 6245041.
11, 89, 6379
What are the prime factors of 70790?
2, 5, 7079
What are the prime factors of 1740388?
2, 13, 33469
What are the prime factors of 2898741?
3, 41, 23567
What are the prime factors of 320926?
2, 17, 9439
What are the prime factors of 304949?
304949
List the prime factors of 90874.
2, 7, 6491
What are the prime factors of 321444?
2, 3, 8929
What are the prime factors of 995542?
2, 497771
What are the prime factors of 26156664?
2, 3, 433, 839
What are the prime factors of 278127?
3, 10301
What are the prime factors of 4075669?
13, 23, 43, 317
List the prime factors of 30670447.
37, 359, 2309
What are the prime factors of 1680098?
2, 7, 41, 2927
List the prime factors of 146076.
2, 3, 7, 37, 47
List the prime factors of 28009940.
2, 5, 7, 29, 6899
What are the prime factors of 110951?
110951
What are the prime factors of 2681703?
3, 297967
List the prime factors of 2200544.
2, 68767
What are the prime factors of 7265031?
3, 101, 23977
List the prime factors of 1702360.
2, 5, 11, 53, 73
What are the prime factors of 12805324?
2, 7, 457333
What are the prime factors of 17864606?
2, 23, 47, 8263
List the prime factors of 37321.
37321
List the prime factors of 147969.
3, 41, 401
What are the prime factors of 1661414?
2, 31, 127, 211
List the prime factors of 76980.
2, 3, 5, 1283
List the prime factors of 2625186.
2, 3, 193, 2267
List the prime factors of 159793.
159793
What are the prime factors of 845116?
2, 59, 3581
List the prime factors of 32258.
2, 127
What are the prime factors of 1610620?
2, 5, 11, 7321
List the prime factors of 14508365.
5, 397, 7309
What are the prime factors of 1098471?
3, 11, 33287
List the prime factors of 5088059.
41, 193, 643
List the prime factors of 1099488.
2, 3, 13, 881
What are the prime factors of 29160671?
139, 209789
What are the prime factors of 32472811?
7, 313, 14821
List the prime factors of 23738022.
2, 3, 7, 11, 173
List the prime factors of 146299.
146299
What are the prime factors of 240206?
2, 120103
What are the prime factors of 166791?
3, 53, 1049
What are the prime factors of 3687134?
2, 11, 167597
List the prime factors of 210611.
23, 9157
List the prime factors of 709183.
47, 79, 191
List the prime factors of 1179625.
5, 9437
List the prime factors of 9739430.
2, 5, 101, 9643
What are the prime factors of 2687212?
2, 11, 157, 389
List the prime factors of 126116.
2, 41, 769
What are the prime factors of 2087541?
3, 163, 1423
What are the prime factors of 19441281?
3, 29, 223463
List the prime factors of 110078.
2, 23, 2393
List the prime factors of 47060.
2, 5, 13, 181
What are the prime factors of 888263?
888263
List the prime factors of 202343.
202343
What are the prime factors of 1572090?
2, 3, 5, 13, 29, 139
List the prime factors of 13820037.
3, 7, 11, 29, 2063
List the prime factors of 6291681.
3, 11, 190657
List the prime factors of 883111.
883111
List the prime factors of 56628.
2, 3, 11, 13
What are the prime factors of 567563?
41, 109, 127
What are the prime factors of 1302086?
2, 651043
What are the prime factors of 664493?
23, 167, 173
What are the prime factors of 420808?
2, 23, 2287
What are the prime factors of 42768?
2, 3, 11
What are the prime factors of 13921947?
3, 13, 257, 463
List the prime factors of 279713.
7, 31, 1289
List the prime factors of 203089.
43, 4723
What are the prime factors of 583356?
2, 3, 173, 281
List the prime factors of 7387133.
13, 568241
List the prime factors of 3391825.
5, 211, 643
List the prime factors of 238458.
2, 3, 11, 3613
What are the prime factors of 1412420?
2, 5, 70621
List the prime factors of 63327.
3, 11, 19, 101
What are the prime factors of 367173?
3, 1511
What are the prime factors of 367303?
89, 4127
What are the prime factors of 13761153?
3, 7, 23, 9497
What are the prime factors of 3477123?
3, 13, 113, 263
List the prime factors of 6104759.
787, 7757
List the prime factors of 25135418.
2, 7, 11, 17, 9601
What are the prime factors of 169795?
5, 29, 1171
List the prime factors of 4214788.
2, 1053697
What are the prime factors of 210513?
3, 47, 1493
What are the prime factors of 2675010?
2, 3, 5, 13, 19
List the prime factors of 784173.
3, 13, 20107
What are the prime factors of 3815888?
2, 17, 14029
What are the prime factors of 14435784?
2, 3, 11, 1657
What are the prime factors of 25662?
2, 3, 7, 13, 47
List the prime factors of 198222.
2, 3, 33037
What are the prime factors of 1717666?
2, 858833
List the prime factors of 6399549.
3, 13, 83, 659
What are the prime factors of 4744540?
2, 5, 157, 1511
What are the prime factors of 58390?
2, 5, 5839
List the prime factors of 291955.
5, 5